ime factors of (-2 - 2)*(-14 + 9/v).
2, 17
Let t(n) = 3*n**2 + 6*n - 10. Let v be t(-3). List the prime factors of (68 - 67)/(v/(-1329)).
3, 443
Suppose -2*g + 1930 + 4916 = 0. Suppose -6*m = -g + 351. What are the prime factors of m?
2
Suppose 19*u - 560210 = 59342. What are the prime factors of u?
2, 1019
Suppose 0 = p - 296 + 1396. Let o = p - -1744. Suppose -o = -5*n - 2*n. What are the prime factors of n?
2, 23
Let y = 165 + 1974. Suppose 4*k = 3*u - y + 6, -u + 711 = -k. What are the prime factors of u?
3, 79
Let i = 825 - 1220. Suppose 2997 = 5*n - 3*h, 0 = 2*n + n - 2*h - 1799. Let d = i + n. List the prime factors of d.
2, 101
Let v = 28 - 19. List the prime factors of (-2)/6 + ((-26940)/v)/(-10).
13, 23
Suppose -19*i + 47*i - 884384 = -30*i. List the prime factors of i.
2, 953
Let l = 6553 + 2701. What are the prime factors of l?
2, 7, 661
Suppose -5*f + 80 = -6*y + y, 2*f - 36 = y. Suppose -13*b + f*b - 28 = 0. Suppose -b*g = 2*a - 6*a + 296, 2*a + 5*g = 148. What are the prime factors of a?
2, 37
Let h(q) = -q**2 - 18*q - 19. Let j be h(-13). List the prime factors of (j - 42) + (460 + -2)/2.
233
Let n(d) = 3*d**3 - 6*d**2 - 13*d + 65. Suppose 17*s - 12 - 73 = 0. List the prime factors of n(s).
3, 5
What are the prime factors of 47 + -44 + (9 - 7) + 78814?
3, 13, 43, 47
Suppose -112*k + 4730993 = -1338959. What are the prime factors of k?
2, 17, 797
What are the prime factors of (-23183370)/(-392) - (-3)/(-12)?
59141
Suppose 12383 = -3*z + 8*z - 4*u, -5*z = -2*u - 12379. Let q be z + -1 - 1/((-2)/(-8)). Suppose 12*n = -n + q. What are the prime factors of n?
2, 5, 19
Suppose 0 = -5*a - d, 0 = -3*d + 2*d. Suppose -5*m + 21 = -p, a*m - 7 = -3*p + m. Suppose -208 = -p*s + 136. List the prime factors of s.
2, 43
Suppose 0 = -13*w + 51096 + 27593. What are the prime factors of w?
6053
Suppose 0 = 20*q - 4857 - 24910 - 9493. List the prime factors of q.
13, 151
Suppose 31*f + 175743 = 23*f + 31*f. List the prime factors of f.
3, 283
Let d(p) = 2*p**2 - 9*p + 3. Let t be (-4)/10*13/((-13)/10). Let u be d(t). Let v(c) = 70*c**2 + c + 1. List the prime factors of v(u).
2, 5, 7
Suppose -s - 37152 = -21*m + 17*m, 3*m - 3*s = 27855. List the prime factors of m.
7, 1327
Suppose 2*g - 4926 = 3*a, 2*a = 39*g - 43*g + 9820. What are the prime factors of g?
3, 7, 13
Suppose -c - 1 = 3*l, -3*c + 2*c = 1. Suppose 5*x - 9 = -3*p, l = 2*x - 3*x + p + 5. Suppose 0 = 7*j - x - 627. List the prime factors of j.
2, 3, 5
Let t be 185/5*(-1 + 2). Let x = t - 31. Let q(i) = 3*i**2 + 4*i - 17. List the prime factors of q(x).
5, 23
List the prime factors of (-1)/11 - 809664/(-704).
2, 5, 23
Let g(a) = a**2 - a - 11. Suppose 2*u + 3*u + 95 = 5*d, 61 = -3*u - d. What are the prime factors of g(u)?
409
What are the prime factors of ((-279)/270 - 4/(-20))/((-2)/24348)?
5, 2029
Suppose -94*r - 56*r + 11133415 = 61*r. List the prime factors of r.
5, 61, 173
Suppose -y = l - 4, 4*l - 6 = y + 10. Let h be (y/2)/(-1 + 0). Suppose -o = -5*g - 3*o + 400, h = o. What are the prime factors of g?
2, 5
Let n(u) = 400*u - 89. Let a(z) = -802*z + 179. Let d(r) = 6*a(r) + 13*n(r). List the prime factors of d(4).
13, 113
Suppose g + 4*g + 2492 = -2*h, 2*g + h = -996. Let t = g + 1143. What are the prime factors of t?
643
Let g(i) = i**2 - 17*i - 112. Let m be g(22). Let w(n) = -277*n - 31. What are the prime factors of w(m)?
523
Let w(k) = 21*k**2 - 29*k + 605. List the prime factors of w(22).
3, 11, 307
Suppose 152*r = 146*r + 426. Suppose -r*l = -66*l - 1110. What are the prime factors of l?
2, 3, 37
Let x = -30 - -30. Suppose 0 = 4*c - 15 - 1. Suppose x = -2*r - c*j + 6, 5*r - j - 47 = -3*j. List the prime factors of r.
11
Let t = 33895 - 8031. What are the prime factors of t?
2, 53, 61
Let o be 0/(-1)*(0 + 1)/1. Let w(a) = -a**3 + 2*a**2 + 5*a + 45. List the prime factors of w(o).
3, 5
Suppose 2*y = -3*y - 2*x + 3, -4*y - 2*x = -4. List the prime factors of 110 - 1 - 3*(y - -2).
2, 53
Suppose 0 = 5*u - 4123 - 5467. Suppose 0 = -4*l - 3*l + u. Suppose 3*o = 2*f - 107, 5*f + o = 2*o + l. List the prime factors of f.
5, 11
Let t = -219 - -219. Suppose -5*u = 4*q - 1177, t*q - 224 = -u + 3*q. List the prime factors of u.
233
Let n be (6/8)/((-2)/(-16)). Suppose 0 = -3*j + 5*p - 10*p + 21, -5*j = 3*p - 35. Suppose -j*l + n*l = -237. List the prime factors of l.
3, 79
Suppose -42*f + 33*f = -3267. What are the prime factors of (2290/(-3))/((-242)/f)?
5, 229
Let j(g) = -180*g. Let y be j(-1). Let o = -567 + 674. Let w = y - o. What are the prime factors of w?
73
Suppose -35*h - 218074 = 8*h - 705479. What are the prime factors of h?
5, 2267
Let y = 3276 + -2289. Let j = y + -201. What are the prime factors of j?
2, 3, 131
Let o(a) = 2*a**2 - 11*a + 43. Suppose -2*f = 6, 4*f - 14 = -3*v + 28. What are the prime factors of o(v)?
17, 29
Suppose -382037 + 1182997 = 32*i. List the prime factors of i.
2, 5, 2503
Suppose 3*q = -d - 371, -4*d - 1449 = 3*q + 2*q. What are the prime factors of (110/(-44))/(2/d)?
5, 89
List the prime factors of 32061/(-1)*(-9)/27.
10687
What are the prime factors of 17760/18 + 21*(-1)/(-9)?
23, 43
List the prime factors of 413834875/5555 - (-2 + (-38)/(-22)).
2, 193
Let p(r) = 6*r**2 - 4*r - 6. Let q be p(-2). Suppose 3*y + 14 = 2*o - 306, 0 = -2*y - 4*o - 192. What are the prime factors of (-4176)/y - 4/q?
2, 5
Suppose -28*a + 74*a = 101890. What are the prime factors of a?
5, 443
Let f(t) be the second derivative of 61*t**3/3 - 3*t**2/2 + 2*t + 607. Let p be ((-2)/(-6))/((-2)/(-6)). What are the prime factors of f(p)?
7, 17
Suppose -4*k = h - 5*h + 1156, -3*k - 15 = 0. Let i = h + -65. Let t = 425 - i. What are the prime factors of t?
2, 103
What are the prime factors of 296740/120 - (-70)/(-84)?
2, 3, 103
List the prime factors of 7 - 448030/(-77) - 3/(-7).
2, 3, 971
Let t = 12475 - 4132. What are the prime factors of t?
3, 103
Suppose -4*d + 16 = 2*g, -11*g = -6*g + 4*d - 16. What are the prime factors of -3 + g + (1344 - -4 - 0)?
5, 269
Let h(u) = -8*u - 84. Let x be h(-11). Let a = -51 + 120. Suppose a = -3*l + x*l. What are the prime factors of l?
3, 23
Let b(z) = 14*z**2 + 12*z. Let f(i) = -9*i**2 - 8*i. Let g(r) = 5*b(r) + 8*f(r). Let d be g(-3). What are the prime factors of ((-2)/d)/((-1)/(-417))?
139
Suppose 29*y = 23*y + h + 4380, 0 = 4*h - 24. List the prime factors of y.
17, 43
Suppose -t = -5*x + t + 5, -x = 2*t - 1. List the prime factors of (3 - x)*((61 - -3) + 3).
2, 67
Suppose 4*r - 6*x - 1088 = 2*x, -5*x = -5*r + 1370. What are the prime factors of r?
2, 3, 23
Suppose 37864 = 766*z - 758*z. What are the prime factors of z?
4733
Let q = 1254 - 2411. Let z = -511 - q. List the prime factors of z.
2, 17, 19
What are the prime factors of (-5)/(-7797*(-18)/28071 + -5)?
5, 3119
Let m be 28 + -25 + 3*1. Suppose 3*k = -m*k + 45. Suppose o - 4*a - 31 = 13, k*o - 3*a - 135 = 0. What are the prime factors of o?
2, 3
Let y be (-56)/21*(6/(-4))/1. Let b(n) = y*n**2 - 7 + 3*n**2 - 2*n + n + 6. List the prime factors of b(2).
5
Let h(k) = -5*k + 4. Let v be h(2). Let n be ((-249)/v)/(5/20). Suppose -u + 77 = -x, x - n = -2*u - 0*x. List the prime factors of u.
3
Suppose q + 28 = -0*q. Let a = 32 + q. Suppose 2*f - a*s = 212, -2*f - s + 220 = 3*s. What are the prime factors of f?
2, 3
Let q(k) = 42*k**3 - 5*k + 5. Let i(z) = -z**3 - 4*z**2 - 23. Let j be i(-5). What are the prime factors of q(j)?
331
What are the prime factors of ((-88)/8 - -6) + 0 - (0 + -1586)?
3, 17, 31
Suppose 25 = -25*u + 30*u. Suppose -u*f + 3*k = 1300, 2*k - 536 = 2*f + 4*k. List the prime factors of (-15)/3 - (-4 + f).
2, 131
Let f(g) be the second derivative of g**4/12 + g**3/3 - 10*g**2 + 19*g. Let n be f(-7). List the prime factors of (-4)/(20/n) - -104.
101
Let f(a) = -a**3 + 29*a**2 + 4. Let x be f(29). Suppose -2*b + 3*w = 3*b - 2194, 425 = b + x*w. What are the prime factors of b?
19, 23
Suppose 5*o - 2*b - 636 - 76 = 0, 0 = 3*o - 3*b - 420. List the prime factors of o.
2, 3
Let t(b) be the second derivative of 17*b**4/12 + 8*b**3 + 3*b**2 + 50*b - 2. List the prime factors of t(-7).
503
Let b = 91120 + -58730. What are the prime factors of b?
2, 5, 41, 79
What are the prime factors of 1 + (130/(-10) - -25946)?
2, 12967
Let q = 1326 - -11700. List the prime factors of 